et x = -24427 + 41604. Suppose 5711 - x = -18*a. Calculate the greatest common divisor of a and 49.
49
Let y be (-7 - -17) + (-15)/3. Suppose y*c = w - 136, 60*c - 57*c + 6 = 0. Calculate the greatest common factor of 315 and w.
63
Let g be 12/(-16) - (-105)/(-20). Let k be (18 + -72)/(g/8). Suppose -k = -2*s - 2*s - 2*f, 3*f - 12 = 0. Calculate the greatest common factor of s and 24.
8
Suppose -3*z = -4*i + 4378, -4*i + 0*i + 4376 = -4*z. Calculate the greatest common divisor of 1507 and i.
137
Let o = 5 + 1. Let z = 1571 + -1523. Calculate the greatest common divisor of o and z.
6
Suppose -b = -3*r + 529, 0 = -r - 3*b - 58 + 231. Calculate the greatest common factor of r and 737.
11
Let x(c) = -c**3 + 10*c**2 - 3*c + 33. Let d be x(10). Suppose -j - d*o = -130, j - 20 = 5*o + 86. Calculate the greatest common divisor of j and 11.
11
Let z be (-52)/182 + 5086/14. Let q = z - 350. What is the highest common factor of 143 and q?
13
Suppose 0 = -5*p - q + 3999, -5*p - 145*q = -140*q - 3995. What is the highest common factor of 150 and p?
50
Suppose -2*l = 60*r - 55*r - 3342, 5*r = 2*l - 3282. What is the highest common factor of l and 288?
72
Suppose 90 = 5*u - 5*m, -5*u = -u + 3*m - 114. What is the highest common factor of u and 1164?
12
Suppose 0*a = -4*a + 24. Suppose 0 = a*w - 2*w - 36. Let n(m) = 4*m - 28. Let o be n(w). What is the highest common factor of 44 and o?
4
Let h(y) = -y**2 - 32*y - 132. Let n be h(-23). Calculate the highest common factor of n and 705.
15
Let x = 102 + 572. Let k = 746 - x. What is the highest common factor of 36 and k?
36
Suppose -2*b = 4, 2*m - 3*m + 3*b = 331. Let r = m + 379. What is the highest common factor of r and 154?
14
Suppose -20*s + 6*s + 500 = 11*s. Calculate the highest common factor of 3820 and s.
20
Let w be ((-22)/(-3) + -7)/((-1)/(-75)). Let o be (-5)/w + 4591/5. Suppose o = 19*y - 13*y. What is the highest common divisor of 17 and y?
17
Suppose 20*v = 22 - 142. Let g be (12/(-18) - 6 - v)*-15. What is the highest common factor of 1070 and g?
10
Let w be (1 + (-117)/2)*-2. Let a(s) = 438*s - 4288. Let d be a(10). Calculate the highest common factor of w and d.
23
Let l(d) = 40*d**2 + 587*d - 8. Let k be l(-16). What is the greatest common divisor of 1200 and k?
120
Let q(x) = 9*x - 123. Let g = 334 - 314. Let j be q(g). What is the highest common divisor of 3 and j?
3
Let d = 7 + -2. Suppose -t = 3*a + 2, 4*t - 4*a - 47 = -d*a. Let h be ((-65)/(-10))/(3/54). Calculate the greatest common factor of t and h.
13
Suppose -2*g - 19*q + 106 = -21*q, -3*g = 5*q - 143. Let c = -7 - -24. Suppose -g = 14*w - c*w. What is the greatest common factor of 17 and w?
17
Let k(z) = -z**3 - 4*z**2 + 25*z + 12. Suppose 4*u = 2*b + b + 43, -b - 29 = -5*u. Let a be k(b). What is the greatest common divisor of a and 6?
6
Suppose 0 = -194*x + 138*x + 38080. Calculate the highest common divisor of 130 and x.
10
Suppose 4*n - 5816 = -q, -3*q + 13225 = -n - 4314. Calculate the greatest common divisor of q and 24.
12
Let t(v) = -12*v**3 - 132*v**2 - 741*v + 9. Let f be t(-6). Calculate the highest common factor of f and 1.
1
Let j(l) = 2*l**3 - 19*l**2 - 2*l + 56. Let i be 17 - 9/((-45)/(-35)). Let c be j(i). Calculate the greatest common factor of c and 8.
8
Let y = -56 + 45. Let z = -56 - -29. Let k = y - z. What is the highest common factor of 48 and k?
16
Suppose -223*t = 9713 - 31567. Calculate the highest common divisor of t and 10927.
49
Let i(p) = 471*p + 2463. Let b be i(-2). What is the greatest common factor of 845 and b?
169
Let u be 8/(128/1648)*(-3 + (-2 - -6)). What is the greatest common divisor of u and 2369?
103
Let v(o) = -525*o + 10007. Let t be v(19). Suppose r - 20 = -0*r. Calculate the greatest common divisor of t and r.
4
Let h(r) = -9*r**2 - 52*r + 12. Let o be h(-6). Suppose -4*f = f - 20, o = -2*c - 3*f + 462. What is the greatest common divisor of c and 50?
25
Suppose 45*g + 35 = 50*g. Suppose -g*k - 85 = -778. Calculate the greatest common factor of 66 and k.
33
Let z = 8397 - 8395. Calculate the highest common factor of 62 and z.
2
Let h(l) = -828*l + 6993. Let y be h(8). Calculate the highest common factor of y and 18.
9
Let t be 32/(-28) + (-13470)/(-210). What is the highest common factor of t and 2394?
63
Suppose 21*w = 10*w + 198. Suppose -45 = -3*j + w. Suppose 3*p + 6 - 48 = -5*t, 0 = 4*p + 3*t - 56. What is the greatest common factor of p and j?
7
Let l be (-50)/(-4)*208/65. Suppose 41*w - l*w = 22. Calculate the greatest common factor of w and 110.
22
Let a(w) = w**2 + 9*w - 146. Let i be a(-18). Let r be (-1360)/24*(-24)/i. What is the highest common divisor of 5 and r?
5
Let z(w) = 6*w - 1. Let u(p) = 3*p + 48. Let k be u(-13). Let l be z(k). Let v = 1164 - 793. Calculate the highest common divisor of v and l.
53
Suppose -5*c = -32 - 288. Suppose c = -11*l + 12*l. Calculate the highest common factor of l and 4.
4
Let z be (-2)/(6/(-213)) - (-4 - 5). Calculate the highest common factor of z and 610.
10
Let b(c) = c**3 + 7*c**2 - 8*c - 8. Let r be b(-8). Let i be 0/(6/(-9)*12/r). Suppose i = -l + 17 - 10. Calculate the greatest common divisor of l and 77.
7
Let k = -547 - -124. Let c = -279 - k. Calculate the highest common factor of 54 and c.
18
Let b be (-1)/((4/(-158))/(-2)). Let q = 1 - b. Let z be (-5)/(28/(-8) + 3). Calculate the greatest common factor of z and q.
10
Let y(k) = 2880*k - 1640. Let m be y(8). What is the highest common factor of 40 and m?
40
Suppose -2*j + 0*j = -16. Let k be (-9 - -13) + 1*7 + -6. Suppose f - 39 = k. What is the highest common divisor of f and j?
4
Suppose -4*y - 3*v + 123 = 0, v = -4*y + 6*v + 147. Calculate the greatest common divisor of y and 93.
3
Let w(m) = -47*m**3 + m**2 + m + 1. Suppose -1 = -4*a - 5. Let n be w(a). What is the highest common factor of 64 and n?
16
Suppose 7*j - 4*j = -2*q + 65, -4*j - q + 85 = 0. Let a be 242/(j/7 - (-15)/(-6)). Suppose 0*l - 176 = -4*l. What is the greatest common divisor of a and l?
44
Let h = 4344 + -3989. What is the highest common factor of 639 and h?
71
Suppose -230*z - 107 = -231*z. Let x = z - -73. Calculate the greatest common factor of x and 24.
12
Let k = 69 + -18. Suppose 5*p + 3*y = 66 + k, 4*p - 88 = -y. Let s be 1/(5/(-25) - p/(-80)). Calculate the greatest common divisor of s and 12.
4
Suppose -714*i + 5040 = -679*i. Suppose 3*j + 129 - 507 = 0. What is the greatest common divisor of j and i?
18
Suppose -5*u = 5*g - 245, 4*g - 113 = -3*u + 82. Let l be (g/3)/(-4) + (-2 - -46). Calculate the highest common factor of l and 8.
8
Let g = -4122 + 4216. Calculate the greatest common divisor of g and 5875.
47
Let a(r) = 2*r**3 + 53*r**2 - 13*r - 28. Let n be a(-26). What is the greatest common factor of n and 68?
34
Suppose 6 = -2*w, 3*m + 4*w = 41 + 34. What is the highest common factor of 29 and m?
29
Let i(d) = -7*d**2 + 241*d + 55. Let b be i(31). Calculate the highest common divisor of 611 and b.
47
Let n = 9107 - 8731. What is the highest common divisor of 17484 and n?
188
Let g = -68 + 106. Let a(b) = b**2 - 19*b + 18. Let c be a(18). Suppose c*n + n - 342 = 0. What is the highest common divisor of n and g?
38
Suppose -10 = 16*h + 6. Let j be (2 - (-1 - h)) + 108. What is the highest common factor of j and 10?
10
Suppose 8*r + 5*m = 12*r - 2650, 2*m - 4 = 0. What is the highest common divisor of r and 105?
35
Let n = 76 - 70. Suppose 3*a - 2*j = 206, 5*j - 310 = -11*a + n*a. Calculate the highest common divisor of 6 and a.
6
Suppose -300 = 3*p + 2*p. Let s be 2/(-10) + (-9132)/p. Calculate the highest common divisor of 19 and s.
19
Let a be (-8945)/(-23) - (-20)/230. Suppose 0 = 4*f - 3*n - a, 0 = 2*f - n - 213 + 18. What is the greatest common factor of f and 35?
7
Let k be (-52 + 7)/(3/4). Let h = k + 142. Calculate the highest common divisor of 205 and h.
41
Let b = 881 + -826. Calculate the greatest common divisor of 5335 and b.
55
Suppose -2*n - 3*a + 4 = -4, 0 = -2*a. Suppose -3*k + 2*t + 206 = 0, -n*k + 3*t - t = -278. Let d = -2 + 10. Calculate the highest common divisor of k and d.
8
Let f = -40 + 217. Let l = f + -176. Calculate the greatest common factor of 11 and l.
1
Let b(l) be the first derivative of -l**4/4 + 17*l**3/3 + l**2 + 5*l - 13. Let v be b(17). Calculate 